{"version":"1.0","provider_name":"SBG - Sociedade Brasileira de Glaucoma","provider_url":"https:\/\/www.sbglaucoma.org.br\/paciente","author_name":"Ricardo","author_url":"https:\/\/www.sbglaucoma.org.br\/paciente\/author\/ricardo\/","title":"SBG Entrevista - O futuro j\u00e1 chegou! - SBG - Sociedade Brasileira de Glaucoma","type":"rich","width":600,"height":338,"html":"<blockquote class=\"wp-embedded-content\" data-secret=\"dH5oIbBojE\"><a href=\"https:\/\/www.sbglaucoma.org.br\/paciente\/sbg-entrevista-o-futuro-ja-chego\/\">SBG Entrevista &#8211; O futuro j\u00e1 chegou!<\/a><\/blockquote><iframe sandbox=\"allow-scripts\" security=\"restricted\" src=\"https:\/\/www.sbglaucoma.org.br\/paciente\/sbg-entrevista-o-futuro-ja-chego\/embed\/#?secret=dH5oIbBojE\" width=\"600\" height=\"338\" title=\"&#8220;SBG Entrevista &#8211; O futuro j\u00e1 chegou!&#8221; &#8212; SBG - Sociedade Brasileira de Glaucoma\" data-secret=\"dH5oIbBojE\" frameborder=\"0\" marginwidth=\"0\" marginheight=\"0\" scrolling=\"no\" class=\"wp-embedded-content\"><\/iframe><script type=\"text\/javascript\">\n\/* <![CDATA[ *\/\n\/*! This file is auto-generated *\/\n!function(d,l){\"use strict\";l.querySelector&&d.addEventListener&&\"undefined\"!=typeof URL&&(d.wp=d.wp||{},d.wp.receiveEmbedMessage||(d.wp.receiveEmbedMessage=function(e){var t=e.data;if((t||t.secret||t.message||t.value)&&!\/[^a-zA-Z0-9]\/.test(t.secret)){for(var s,r,n,a=l.querySelectorAll('iframe[data-secret=\"'+t.secret+'\"]'),o=l.querySelectorAll('blockquote[data-secret=\"'+t.secret+'\"]'),c=new RegExp(\"^https?:$\",\"i\"),i=0;i<o.length;i++)o[i].style.display=\"none\";for(i=0;i<a.length;i++)s=a[i],e.source===s.contentWindow&&(s.removeAttribute(\"style\"),\"height\"===t.message?(1e3<(r=parseInt(t.value,10))?r=1e3:~~r<200&&(r=200),s.height=r):\"link\"===t.message&&(r=new URL(s.getAttribute(\"src\")),n=new URL(t.value),c.test(n.protocol))&&n.host===r.host&&l.activeElement===s&&(d.top.location.href=t.value))}},d.addEventListener(\"message\",d.wp.receiveEmbedMessage,!1),l.addEventListener(\"DOMContentLoaded\",function(){for(var e,t,s=l.querySelectorAll(\"iframe.wp-embedded-content\"),r=0;r<s.length;r++)(t=(e=s[r]).getAttribute(\"data-secret\"))||(t=Math.random().toString(36).substring(2,12),e.src+=\"#?secret=\"+t,e.setAttribute(\"data-secret\",t)),e.contentWindow.postMessage({message:\"ready\",secret:t},\"*\")},!1)))}(window,document);\n\/\/# sourceURL=https:\/\/www.sbglaucoma.org.br\/paciente\/wp-includes\/js\/wp-embed.min.js\n\/* ]]> *\/\n<\/script>\n","thumbnail_url":"https:\/\/www.sbglaucoma.org.br\/paciente\/wp-content\/uploads\/2020\/12\/130966234_3459859517396690_4520255064609940118_o.png","thumbnail_width":1080,"thumbnail_height":1350,"description":"O Pr\u00f3ximo SBG Entrevista j\u00e1 tem data e hor\u00e1rio! Ser\u00e1 no dia 08 de dezembro, \u00e0s 18h. O tema ser\u00e1 &#8220;O futuro j\u00e1 chegou&#8221; e contaremos com duas palestrantes internacionais: &#8211; Francesca Cordeiro &#8211; Naama Hammel N\u00e3o fique de fora desse grande encontro. Esperamos voc\u00ea l\u00e1! Link da trasmiss\u00e3o:\u00a0https:\/\/bit.ly\/websbg08dez \u00a0Evento gratuito"}

SBG Entrevista - O futuro já chegou! - SBG - Sociedade Brasileira de Glaucoma

<blockquote class="wp-embedded-content" data-secret="dH5oIbBojE"><a href="https://www.sbglaucoma.org.br/paciente/sbg-entrevista-o-futuro-ja-chego/">SBG Entrevista &#8211; O futuro já chegou!</a></blockquote><iframe sandbox="allow-scripts" security="restricted" src="https://www.sbglaucoma.org.br/paciente/sbg-entrevista-o-futuro-ja-chego/embed/#?secret=dH5oIbBojE" width="600" height="338" title="&#8220;SBG Entrevista &#8211; O futuro já chegou!&#8221; &#8212; SBG - Sociedade Brasileira de Glaucoma" data-secret="dH5oIbBojE" frameborder="0" marginwidth="0" marginheight="0" scrolling="no" class="wp-embedded-content"></iframe><script type="text/javascript">
/* <![CDATA[ */
/*! This file is auto-generated */
!function(d,l){"use strict";l.querySelector&&d.addEventListener&&"undefined"!=typeof URL&&(d.wp=d.wp||{},d.wp.receiveEmbedMessage||(d.wp.receiveEmbedMessage=function(e){var t=e.data;if((t||t.secret||t.message||t.value)&&!/[^a-zA-Z0-9]/.test(t.secret)){for(var s,r,n,a=l.querySelectorAll('iframe[data-secret="'+t.secret+'"]'),o=l.querySelectorAll('blockquote[data-secret="'+t.secret+'"]'),c=new RegExp("^https?:$","i"),i=0;i<o.length;i++)o[i].style.display="none";for(i=0;i<a.length;i++)s=a[i],e.source===s.contentWindow&&(s.removeAttribute("style"),"height"===t.message?(1e3<(r=parseInt(t.value,10))?r=1e3:~~r<200&&(r=200),s.height=r):"link"===t.message&&(r=new URL(s.getAttribute("src")),n=new URL(t.value),c.test(n.protocol))&&n.host===r.host&&l.activeElement===s&&(d.top.location.href=t.value))}},d.addEventListener("message",d.wp.receiveEmbedMessage,!1),l.addEventListener("DOMContentLoaded",function(){for(var e,t,s=l.querySelectorAll("iframe.wp-embedded-content"),r=0;r<s.length;r++)(t=(e=s[r]).getAttribute("data-secret"))||(t=Math.random().toString(36).substring(2,12),e.src+="#?secret="+t,e.setAttribute("data-secret",t)),e.contentWindow.postMessage({message:"ready",secret:t},"*")},!1)))}(window,document);
//# sourceURL=https://www.sbglaucoma.org.br/paciente/wp-includes/js/wp-embed.min.js
/* ]]> */
</script>

O Próximo SBG Entrevista já tem data e horário! Será no dia 08 de dezembro, às 18h. O tema será &#8220;O futuro já chegou&#8221; e contaremos com duas palestrantes internacionais: &#8211; Francesca Cordeiro &#8211; Naama Hammel Não fique de fora desse grande encontro. Esperamos você lá! Link da trasmissão: https://bit.ly/websbg08dez  Evento gratuito
