{"version":"1.0","provider_name":"SBG - Sociedade Brasileira de Glaucoma","provider_url":"https:\/\/www.sbglaucoma.org.br\/paciente","author_name":"Ricardo","author_url":"https:\/\/www.sbglaucoma.org.br\/paciente\/author\/ricardo\/","title":"Relat\u00f3rio Final da Gest\u00e3o SBG 2015-2017 - SBG - Sociedade Brasileira de Glaucoma","type":"rich","width":600,"height":338,"html":"<blockquote class=\"wp-embedded-content\" data-secret=\"imWhwELmeq\"><a href=\"https:\/\/www.sbglaucoma.org.br\/paciente\/relatorio-final-da-gestao-sbg-2015-2017\/\">Relat\u00f3rio Final da Gest\u00e3o SBG 2015-2017<\/a><\/blockquote><iframe sandbox=\"allow-scripts\" security=\"restricted\" src=\"https:\/\/www.sbglaucoma.org.br\/paciente\/relatorio-final-da-gestao-sbg-2015-2017\/embed\/#?secret=imWhwELmeq\" width=\"600\" height=\"338\" title=\"&#8220;Relat\u00f3rio Final da Gest\u00e3o SBG 2015-2017&#8221; &#8212; SBG - Sociedade Brasileira de Glaucoma\" data-secret=\"imWhwELmeq\" frameborder=\"0\" marginwidth=\"0\" marginheight=\"0\" scrolling=\"no\" class=\"wp-embedded-content\"><\/iframe><script type=\"text\/javascript\">\n\/* <![CDATA[ *\/\n\/*! This file is auto-generated *\/\n!function(d,l){\"use strict\";l.querySelector&&d.addEventListener&&\"undefined\"!=typeof URL&&(d.wp=d.wp||{},d.wp.receiveEmbedMessage||(d.wp.receiveEmbedMessage=function(e){var t=e.data;if((t||t.secret||t.message||t.value)&&!\/[^a-zA-Z0-9]\/.test(t.secret)){for(var s,r,n,a=l.querySelectorAll('iframe[data-secret=\"'+t.secret+'\"]'),o=l.querySelectorAll('blockquote[data-secret=\"'+t.secret+'\"]'),c=new RegExp(\"^https?:$\",\"i\"),i=0;i<o.length;i++)o[i].style.display=\"none\";for(i=0;i<a.length;i++)s=a[i],e.source===s.contentWindow&&(s.removeAttribute(\"style\"),\"height\"===t.message?(1e3<(r=parseInt(t.value,10))?r=1e3:~~r<200&&(r=200),s.height=r):\"link\"===t.message&&(r=new URL(s.getAttribute(\"src\")),n=new URL(t.value),c.test(n.protocol))&&n.host===r.host&&l.activeElement===s&&(d.top.location.href=t.value))}},d.addEventListener(\"message\",d.wp.receiveEmbedMessage,!1),l.addEventListener(\"DOMContentLoaded\",function(){for(var e,t,s=l.querySelectorAll(\"iframe.wp-embedded-content\"),r=0;r<s.length;r++)(t=(e=s[r]).getAttribute(\"data-secret\"))||(t=Math.random().toString(36).substring(2,12),e.src+=\"#?secret=\"+t,e.setAttribute(\"data-secret\",t)),e.contentWindow.postMessage({message:\"ready\",secret:t},\"*\")},!1)))}(window,document);\n\/\/# sourceURL=https:\/\/www.sbglaucoma.org.br\/paciente\/wp-includes\/js\/wp-embed.min.js\n\/* ]]> *\/\n<\/script>\n","description":"Prezados Ex-Presidentes e membros da Diretoria Em setembro de 2015, no Congresso Brasileiro de Oftalmologia tomei posse como Presidente da Sociedade Brasileira de Glaucoma. Fui eleito Vice Presidente em 2013, ap\u00f3s uma elei\u00e7\u00e3o disputada na qual obtive aproximadamente 75% dos votos v\u00e1lidos, tal resultado s\u00f3 foi poss\u00edvel gra\u00e7as ao apoio dos colegas de todos os [&hellip;]","thumbnail_url":"https:\/\/sbglaucoma2.websiteseguro.com\/paciente\/wp-content\/uploads\/2017\/09\/mr-150x123.png"}

Relatório Final da Gestão SBG 2015-2017 - SBG - Sociedade Brasileira de Glaucoma

<blockquote class="wp-embedded-content" data-secret="imWhwELmeq"><a href="https://www.sbglaucoma.org.br/paciente/relatorio-final-da-gestao-sbg-2015-2017/">Relatório Final da Gestão SBG 2015-2017</a></blockquote><iframe sandbox="allow-scripts" security="restricted" src="https://www.sbglaucoma.org.br/paciente/relatorio-final-da-gestao-sbg-2015-2017/embed/#?secret=imWhwELmeq" width="600" height="338" title="&#8220;Relatório Final da Gestão SBG 2015-2017&#8221; &#8212; SBG - Sociedade Brasileira de Glaucoma" data-secret="imWhwELmeq" frameborder="0" marginwidth="0" marginheight="0" scrolling="no" class="wp-embedded-content"></iframe><script type="text/javascript">
/* <![CDATA[ */
/*! This file is auto-generated */
!function(d,l){"use strict";l.querySelector&&d.addEventListener&&"undefined"!=typeof URL&&(d.wp=d.wp||{},d.wp.receiveEmbedMessage||(d.wp.receiveEmbedMessage=function(e){var t=e.data;if((t||t.secret||t.message||t.value)&&!/[^a-zA-Z0-9]/.test(t.secret)){for(var s,r,n,a=l.querySelectorAll('iframe[data-secret="'+t.secret+'"]'),o=l.querySelectorAll('blockquote[data-secret="'+t.secret+'"]'),c=new RegExp("^https?:$","i"),i=0;i<o.length;i++)o[i].style.display="none";for(i=0;i<a.length;i++)s=a[i],e.source===s.contentWindow&&(s.removeAttribute("style"),"height"===t.message?(1e3<(r=parseInt(t.value,10))?r=1e3:~~r<200&&(r=200),s.height=r):"link"===t.message&&(r=new URL(s.getAttribute("src")),n=new URL(t.value),c.test(n.protocol))&&n.host===r.host&&l.activeElement===s&&(d.top.location.href=t.value))}},d.addEventListener("message",d.wp.receiveEmbedMessage,!1),l.addEventListener("DOMContentLoaded",function(){for(var e,t,s=l.querySelectorAll("iframe.wp-embedded-content"),r=0;r<s.length;r++)(t=(e=s[r]).getAttribute("data-secret"))||(t=Math.random().toString(36).substring(2,12),e.src+="#?secret="+t,e.setAttribute("data-secret",t)),e.contentWindow.postMessage({message:"ready",secret:t},"*")},!1)))}(window,document);
//# sourceURL=https://www.sbglaucoma.org.br/paciente/wp-includes/js/wp-embed.min.js
/* ]]> */
</script>

Prezados Ex-Presidentes e membros da Diretoria Em setembro de 2015, no Congresso Brasileiro de Oftalmologia tomei posse como Presidente da Sociedade Brasileira de Glaucoma. Fui eleito Vice Presidente em 2013, após uma eleição disputada na qual obtive aproximadamente 75% dos votos válidos, tal resultado só foi possível graças ao apoio dos colegas de todos os [&hellip;]
