{"id":6165,"date":"2019-05-03T17:08:51","date_gmt":"2019-05-03T20:08:51","guid":{"rendered":"https:\/\/sbglaucoma2.websiteseguro.com\/medico\/?page_id=6165"},"modified":"2019-05-03T17:21:20","modified_gmt":"2019-05-03T20:21:20","slug":"acesso-recusado","status":"publish","type":"page","link":"https:\/\/www.sbglaucoma.org.br\/medico\/acesso-recusado\/","title":{"rendered":"Problemas para acessar a \u00e1rea restrita do portal"},"content":{"rendered":"<p><strong>Prezado(a) associado(a),<\/strong><\/p>\n<p>Houve algum problema no momento do seu login \u00e0 \u00e1rea restrita do portal. Algumas situa\u00e7\u00f5es podem ter causado o erro. Enviamos abaixo algumas informa\u00e7\u00f5es importantes e que devem ser consideradas no momento do login:<\/p>\n<p><strong>CPF OU SENHA INCORRETOS<\/strong><br \/>\nConfira se suas informa\u00e7\u00f5es de acesso foram inseridas corretamente. Caso n\u00e3o lembre sua senha, solicite o envio da senha\u00a0<a href=\"https:\/\/sbglaucoma.org.br\/medico\/area-associado\/\">clicando aqui<\/a>\u00a0e informe seu CPF na \u00e1rea \u201cRecuperar senha\u201d. Ap\u00f3s informar o CPF, sua senha ser\u00e1 enviada em sua conta de e-mail cadastrada.<\/p>\n<p><strong>ACESSO PERMITIDO APENAS A ASSOCIADOS ADIMPLENTES<\/strong><br \/>\nO acesso \u00e0 \u00e1rea restrita do portal s\u00f3 \u00e9 permitida aos associados que estiverem em dia com a anuidade. Caso o pagamento j\u00e1 tenha sido efetuado, pedimos, por favor, que aguarde o prazo para compensa\u00e7\u00e3o banc\u00e1ria.<\/p>\n<p>Se o pagamento foi efetuado a mais de 5 dias, pedimos que contate com a\u00a0SBG para inform\u00e1-los sobre o andamento do processo de baixa.<\/p>\n<p>Caso n\u00e3o tenha efetuado a pagamento da anuidade,\u00a0<a href=\"https:\/\/sbglaucoma.org.br\/medico\/associacao\/\">clique aqui<\/a>\u00a0e preencha o formul\u00e1rio de associa\u00e7\u00e3o\/renova\u00e7\u00e3o.<\/p>\n<p><a href=\"javascript: window.history.go(-1)\" class=\"btnPad btnAzul\" style=\"margin-top:20px\">Clique aqui para retornar<\/a><\/p>\n","protected":false},"excerpt":{"rendered":"<p>Prezado(a) associado(a), Houve algum problema no momento do seu login \u00e0 \u00e1rea restrita do portal. Algumas situa\u00e7\u00f5es podem ter causado o erro. Enviamos abaixo algumas informa\u00e7\u00f5es importantes e que devem ser consideradas no momento do login: CPF OU SENHA INCORRETOS Confira se suas informa\u00e7\u00f5es de acesso foram inseridas corretamente. Caso n\u00e3o lembre sua senha, solicite [&hellip;]<\/p>\n","protected":false},"author":1,"featured_media":0,"parent":0,"menu_order":0,"comment_status":"closed","ping_status":"closed","template":"","meta":{"_acf_changed":false,"_joinchat":[],"footnotes":""},"class_list":["post-6165","page","type-page","status-publish","hentry"],"acf":[],"yoast_head":"<!-- This site is optimized with the Yoast SEO plugin v27.6 - https:\/\/yoast.com\/product\/yoast-seo-wordpress\/ -->\n<title>Problemas para acessar a \u00e1rea restrita do portal - SBG - Sociedade Brasileira de Glaucoma<\/title>\n<meta name=\"robots\" content=\"index, follow, max-snippet:-1, max-image-preview:large, max-video-preview:-1\" \/>\n<link rel=\"canonical\" href=\"https:\/\/www.sbglaucoma.org.br\/medico\/acesso-recusado\/\" \/>\n<meta property=\"og:locale\" content=\"pt_BR\" \/>\n<meta property=\"og:type\" content=\"article\" \/>\n<meta property=\"og:title\" content=\"Problemas para acessar a \u00e1rea restrita do portal - SBG - Sociedade Brasileira de Glaucoma\" \/>\n<meta property=\"og:description\" content=\"Prezado(a) associado(a), Houve algum problema no momento do seu login \u00e0 \u00e1rea restrita do portal. Algumas situa\u00e7\u00f5es podem ter causado o erro. Enviamos abaixo algumas informa\u00e7\u00f5es importantes e que devem ser consideradas no momento do login: CPF OU SENHA INCORRETOS Confira se suas informa\u00e7\u00f5es de acesso foram inseridas corretamente. Caso n\u00e3o lembre sua senha, solicite [&hellip;]\" \/>\n<meta property=\"og:url\" content=\"https:\/\/www.sbglaucoma.org.br\/medico\/acesso-recusado\/\" \/>\n<meta property=\"og:site_name\" content=\"SBG - Sociedade Brasileira de Glaucoma\" \/>\n<meta property=\"article:modified_time\" content=\"2019-05-03T20:21:20+00:00\" \/>\n<meta name=\"twitter:card\" content=\"summary_large_image\" \/>\n<meta name=\"twitter:label1\" content=\"Est. tempo de leitura\" \/>\n\t<meta name=\"twitter:data1\" content=\"1 minuto\" \/>\n<script type=\"application\/ld+json\" class=\"yoast-schema-graph\">{\"@context\":\"https:\\\/\\\/schema.org\",\"@graph\":[{\"@type\":\"WebPage\",\"@id\":\"https:\\\/\\\/www.sbglaucoma.org.br\\\/medico\\\/acesso-recusado\\\/\",\"url\":\"https:\\\/\\\/www.sbglaucoma.org.br\\\/medico\\\/acesso-recusado\\\/\",\"name\":\"Problemas para acessar a \u00e1rea restrita do portal - SBG - Sociedade Brasileira de Glaucoma\",\"isPartOf\":{\"@id\":\"https:\\\/\\\/www.sbglaucoma.org.br\\\/medico\\\/#website\"},\"datePublished\":\"2019-05-03T20:08:51+00:00\",\"dateModified\":\"2019-05-03T20:21:20+00:00\",\"breadcrumb\":{\"@id\":\"https:\\\/\\\/www.sbglaucoma.org.br\\\/medico\\\/acesso-recusado\\\/#breadcrumb\"},\"inLanguage\":\"pt-BR\",\"potentialAction\":[{\"@type\":\"ReadAction\",\"target\":[\"https:\\\/\\\/www.sbglaucoma.org.br\\\/medico\\\/acesso-recusado\\\/\"]}]},{\"@type\":\"BreadcrumbList\",\"@id\":\"https:\\\/\\\/www.sbglaucoma.org.br\\\/medico\\\/acesso-recusado\\\/#breadcrumb\",\"itemListElement\":[{\"@type\":\"ListItem\",\"position\":1,\"name\":\"In\u00edcio\",\"item\":\"https:\\\/\\\/www.sbglaucoma.org.br\\\/medico\\\/\"},{\"@type\":\"ListItem\",\"position\":2,\"name\":\"Problemas para acessar a \u00e1rea restrita do portal\"}]},{\"@type\":\"WebSite\",\"@id\":\"https:\\\/\\\/www.sbglaucoma.org.br\\\/medico\\\/#website\",\"url\":\"https:\\\/\\\/www.sbglaucoma.org.br\\\/medico\\\/\",\"name\":\"SBG - Sociedade Brasileira de Glaucoma\",\"description\":\"\",\"potentialAction\":[{\"@type\":\"SearchAction\",\"target\":{\"@type\":\"EntryPoint\",\"urlTemplate\":\"https:\\\/\\\/www.sbglaucoma.org.br\\\/medico\\\/?s={search_term_string}\"},\"query-input\":{\"@type\":\"PropertyValueSpecification\",\"valueRequired\":true,\"valueName\":\"search_term_string\"}}],\"inLanguage\":\"pt-BR\"}]}<\/script>\n<!-- \/ Yoast SEO plugin. -->","yoast_head_json":{"title":"Problemas para acessar a \u00e1rea restrita do portal - SBG - Sociedade Brasileira de Glaucoma","robots":{"index":"index","follow":"follow","max-snippet":"max-snippet:-1","max-image-preview":"max-image-preview:large","max-video-preview":"max-video-preview:-1"},"canonical":"https:\/\/www.sbglaucoma.org.br\/medico\/acesso-recusado\/","og_locale":"pt_BR","og_type":"article","og_title":"Problemas para acessar a \u00e1rea restrita do portal - SBG - Sociedade Brasileira de Glaucoma","og_description":"Prezado(a) associado(a), Houve algum problema no momento do seu login \u00e0 \u00e1rea restrita do portal. Algumas situa\u00e7\u00f5es podem ter causado o erro. Enviamos abaixo algumas informa\u00e7\u00f5es importantes e que devem ser consideradas no momento do login: CPF OU SENHA INCORRETOS Confira se suas informa\u00e7\u00f5es de acesso foram inseridas corretamente. Caso n\u00e3o lembre sua senha, solicite [&hellip;]","og_url":"https:\/\/www.sbglaucoma.org.br\/medico\/acesso-recusado\/","og_site_name":"SBG - Sociedade Brasileira de Glaucoma","article_modified_time":"2019-05-03T20:21:20+00:00","twitter_card":"summary_large_image","twitter_misc":{"Est. tempo de leitura":"1 minuto"},"schema":{"@context":"https:\/\/schema.org","@graph":[{"@type":"WebPage","@id":"https:\/\/www.sbglaucoma.org.br\/medico\/acesso-recusado\/","url":"https:\/\/www.sbglaucoma.org.br\/medico\/acesso-recusado\/","name":"Problemas para acessar a \u00e1rea restrita do portal - SBG - Sociedade Brasileira de Glaucoma","isPartOf":{"@id":"https:\/\/www.sbglaucoma.org.br\/medico\/#website"},"datePublished":"2019-05-03T20:08:51+00:00","dateModified":"2019-05-03T20:21:20+00:00","breadcrumb":{"@id":"https:\/\/www.sbglaucoma.org.br\/medico\/acesso-recusado\/#breadcrumb"},"inLanguage":"pt-BR","potentialAction":[{"@type":"ReadAction","target":["https:\/\/www.sbglaucoma.org.br\/medico\/acesso-recusado\/"]}]},{"@type":"BreadcrumbList","@id":"https:\/\/www.sbglaucoma.org.br\/medico\/acesso-recusado\/#breadcrumb","itemListElement":[{"@type":"ListItem","position":1,"name":"In\u00edcio","item":"https:\/\/www.sbglaucoma.org.br\/medico\/"},{"@type":"ListItem","position":2,"name":"Problemas para acessar a \u00e1rea restrita do portal"}]},{"@type":"WebSite","@id":"https:\/\/www.sbglaucoma.org.br\/medico\/#website","url":"https:\/\/www.sbglaucoma.org.br\/medico\/","name":"SBG - Sociedade Brasileira de Glaucoma","description":"","potentialAction":[{"@type":"SearchAction","target":{"@type":"EntryPoint","urlTemplate":"https:\/\/www.sbglaucoma.org.br\/medico\/?s={search_term_string}"},"query-input":{"@type":"PropertyValueSpecification","valueRequired":true,"valueName":"search_term_string"}}],"inLanguage":"pt-BR"}]}},"_links":{"self":[{"href":"https:\/\/www.sbglaucoma.org.br\/medico\/wp-json\/wp\/v2\/pages\/6165","targetHints":{"allow":["GET"]}}],"collection":[{"href":"https:\/\/www.sbglaucoma.org.br\/medico\/wp-json\/wp\/v2\/pages"}],"about":[{"href":"https:\/\/www.sbglaucoma.org.br\/medico\/wp-json\/wp\/v2\/types\/page"}],"author":[{"embeddable":true,"href":"https:\/\/www.sbglaucoma.org.br\/medico\/wp-json\/wp\/v2\/users\/1"}],"replies":[{"embeddable":true,"href":"https:\/\/www.sbglaucoma.org.br\/medico\/wp-json\/wp\/v2\/comments?post=6165"}],"version-history":[{"count":7,"href":"https:\/\/www.sbglaucoma.org.br\/medico\/wp-json\/wp\/v2\/pages\/6165\/revisions"}],"predecessor-version":[{"id":6172,"href":"https:\/\/www.sbglaucoma.org.br\/medico\/wp-json\/wp\/v2\/pages\/6165\/revisions\/6172"}],"wp:attachment":[{"href":"https:\/\/www.sbglaucoma.org.br\/medico\/wp-json\/wp\/v2\/media?parent=6165"}],"curies":[{"name":"wp","href":"https:\/\/api.w.org\/{rel}","templated":true}]}}