{"id":8244,"date":"2021-04-19T16:55:16","date_gmt":"2021-04-19T19:55:16","guid":{"rendered":"https:\/\/sbglaucoma2.websiteseguro.com\/medico\/?p=8244"},"modified":"2021-07-23T00:41:41","modified_gmt":"2021-07-23T03:41:41","slug":"evento-de-genetica-da-sbgzinha","status":"publish","type":"acf-eventos","link":"https:\/\/www.sbglaucoma.org.br\/medico\/eventos\/evento-de-genetica-da-sbgzinha\/","title":{"rendered":"Evento de gen\u00e9tica da SBGzinha"},"content":{"rendered":"<p><strong>T\u00edtulo: Investiga\u00e7\u00e3o Gen\u00e9tica em Doen\u00e7as com Glaucoma na Inf\u00e2ncia<\/strong><\/p>\n<ul>\n<li><strong>Vera L\u00facia Gil da Silva Lopes<br \/>\n<\/strong>M\u00e9dica Geneticista, Professora Titular do Departamento de Medicina Translacional da FCM-Unicamp, Coordenadora do Projeto Cr\u00e2nio-Face Brasil, membro Titular da Academia Brasileira de Medicina de Reabilita\u00e7\u00e3o e atual Diretora Cient\u00edfica da Sociedade Brasileira de Gen\u00e9tica M\u00e9dica e Gen\u00f4mica.<\/li>\n<li><strong>Milena Atique Tacla:<br \/>\n<\/strong>M\u00e9dica Oftalmologista, Mestre em Oftalmologia, Doutoranda em Gen\u00e9tica M\u00e9dica.<\/li>\n<\/ul>\n<p><strong>Link Zoom:\u00a0<\/strong><a href=\"https:\/\/zoom.us\/webinar\/register\/WN_NzQzAomlTyW9NVHjXqRQSg?_x_zm_rtaid=BLS2TuBdRbS3fkClw4jxCg.1622049786337.5e7480eefadfb3f2405b211eb7048400&amp;_x_zm_rhtaid=655\">https:\/\/zoom.us\/webinar\/register\/WN_NzQzAomlTyW9NVHjXqRQSg?_x_zm_rtaid=BLS2TuBdRbS3fkClw4jxCg.1622049786337.5e7480eefadfb3f2405b211eb7048400&amp;_x_zm_rhtaid=655<\/a><\/p>\n<hr \/>\n<p><a href=\"https:\/\/zoom.us\/webinar\/register\/WN_NzQzAomlTyW9NVHjXqRQSg?_x_zm_rtaid=BLS2TuBdRbS3fkClw4jxCg.1622049786337.5e7480eefadfb3f2405b211eb7048400&amp;_x_zm_rhtaid=655\" target=\"_blank\"><img loading=\"lazy\" decoding=\"async\" class=\"aligncenter wp-image-8326 size-large\" src=\"https:\/\/sbglaucoma.org.br\/medico\/wp-content\/uploads\/2021\/04\/2021-05-12-newsletter-sbgzinha-26-06-genetica-glaucoma-710x1024.png\" alt=\"2021-05-12-newsletter-sbgzinha-26-06-genetica-glaucoma\" width=\"710\" height=\"1024\" srcset=\"https:\/\/www.sbglaucoma.org.br\/medico\/wp-content\/uploads\/2021\/04\/2021-05-12-newsletter-sbgzinha-26-06-genetica-glaucoma-710x1024.png 710w, https:\/\/www.sbglaucoma.org.br\/medico\/wp-content\/uploads\/2021\/04\/2021-05-12-newsletter-sbgzinha-26-06-genetica-glaucoma-208x300.png 208w, https:\/\/www.sbglaucoma.org.br\/medico\/wp-content\/uploads\/2021\/04\/2021-05-12-newsletter-sbgzinha-26-06-genetica-glaucoma-768x1107.png 768w, https:\/\/www.sbglaucoma.org.br\/medico\/wp-content\/uploads\/2021\/04\/2021-05-12-newsletter-sbgzinha-26-06-genetica-glaucoma.png 1080w\" sizes=\"auto, (max-width: 710px) 100vw, 710px\" \/><\/a><\/p>\n","protected":false},"featured_media":0,"template":"","class_list":["post-8244","acf-eventos","type-acf-eventos","status-publish","hentry"],"acf":[],"yoast_head":"<!-- This site is optimized with the Yoast SEO plugin v27.5 - https:\/\/yoast.com\/product\/yoast-seo-wordpress\/ -->\n<title>Evento de gen\u00e9tica da SBGzinha - SBG - Sociedade Brasileira de Glaucoma<\/title>\n<meta name=\"robots\" content=\"index, follow, max-snippet:-1, max-image-preview:large, max-video-preview:-1\" \/>\n<link rel=\"canonical\" href=\"https:\/\/www.sbglaucoma.org.br\/medico\/eventos\/evento-de-genetica-da-sbgzinha\/\" \/>\n<meta property=\"og:locale\" content=\"pt_BR\" \/>\n<meta property=\"og:type\" content=\"article\" \/>\n<meta property=\"og:title\" content=\"Evento de gen\u00e9tica da SBGzinha - SBG - Sociedade Brasileira de Glaucoma\" \/>\n<meta property=\"og:description\" content=\"T\u00edtulo: Investiga\u00e7\u00e3o Gen\u00e9tica em Doen\u00e7as com Glaucoma na Inf\u00e2ncia Vera L\u00facia Gil da Silva Lopes M\u00e9dica Geneticista, Professora Titular do Departamento de Medicina Translacional da FCM-Unicamp, Coordenadora do Projeto Cr\u00e2nio-Face Brasil, membro Titular da Academia Brasileira de Medicina de Reabilita\u00e7\u00e3o e atual Diretora Cient\u00edfica da Sociedade Brasileira de Gen\u00e9tica M\u00e9dica e Gen\u00f4mica. Milena Atique Tacla: [&hellip;]\" \/>\n<meta property=\"og:url\" content=\"https:\/\/www.sbglaucoma.org.br\/medico\/eventos\/evento-de-genetica-da-sbgzinha\/\" \/>\n<meta property=\"og:site_name\" content=\"SBG - Sociedade Brasileira de Glaucoma\" \/>\n<meta property=\"article:modified_time\" content=\"2021-07-23T03:41:41+00:00\" \/>\n<meta property=\"og:image\" content=\"https:\/\/sbglaucoma2.websiteseguro.com\/medico\/wp-content\/uploads\/2021\/04\/2021-05-12-newsletter-sbgzinha-26-06-genetica-glaucoma-710x1024.png\" \/>\n<meta name=\"twitter:card\" content=\"summary_large_image\" \/>\n<meta name=\"twitter:label1\" content=\"Est. tempo de leitura\" \/>\n\t<meta name=\"twitter:data1\" content=\"1 minuto\" \/>\n<script type=\"application\/ld+json\" class=\"yoast-schema-graph\">{\"@context\":\"https:\\\/\\\/schema.org\",\"@graph\":[{\"@type\":\"WebPage\",\"@id\":\"https:\\\/\\\/www.sbglaucoma.org.br\\\/medico\\\/eventos\\\/evento-de-genetica-da-sbgzinha\\\/\",\"url\":\"https:\\\/\\\/www.sbglaucoma.org.br\\\/medico\\\/eventos\\\/evento-de-genetica-da-sbgzinha\\\/\",\"name\":\"Evento de gen\u00e9tica da SBGzinha - SBG - Sociedade Brasileira de Glaucoma\",\"isPartOf\":{\"@id\":\"https:\\\/\\\/www.sbglaucoma.org.br\\\/medico\\\/#website\"},\"primaryImageOfPage\":{\"@id\":\"https:\\\/\\\/www.sbglaucoma.org.br\\\/medico\\\/eventos\\\/evento-de-genetica-da-sbgzinha\\\/#primaryimage\"},\"image\":{\"@id\":\"https:\\\/\\\/www.sbglaucoma.org.br\\\/medico\\\/eventos\\\/evento-de-genetica-da-sbgzinha\\\/#primaryimage\"},\"thumbnailUrl\":\"https:\\\/\\\/sbglaucoma.org.br\\\/medico\\\/wp-content\\\/uploads\\\/2021\\\/04\\\/2021-05-12-newsletter-sbgzinha-26-06-genetica-glaucoma-710x1024.png\",\"datePublished\":\"2021-04-19T19:55:16+00:00\",\"dateModified\":\"2021-07-23T03:41:41+00:00\",\"breadcrumb\":{\"@id\":\"https:\\\/\\\/www.sbglaucoma.org.br\\\/medico\\\/eventos\\\/evento-de-genetica-da-sbgzinha\\\/#breadcrumb\"},\"inLanguage\":\"pt-BR\",\"potentialAction\":[{\"@type\":\"ReadAction\",\"target\":[\"https:\\\/\\\/www.sbglaucoma.org.br\\\/medico\\\/eventos\\\/evento-de-genetica-da-sbgzinha\\\/\"]}]},{\"@type\":\"ImageObject\",\"inLanguage\":\"pt-BR\",\"@id\":\"https:\\\/\\\/www.sbglaucoma.org.br\\\/medico\\\/eventos\\\/evento-de-genetica-da-sbgzinha\\\/#primaryimage\",\"url\":\"https:\\\/\\\/sbglaucoma.org.br\\\/medico\\\/wp-content\\\/uploads\\\/2021\\\/04\\\/2021-05-12-newsletter-sbgzinha-26-06-genetica-glaucoma-710x1024.png\",\"contentUrl\":\"https:\\\/\\\/sbglaucoma.org.br\\\/medico\\\/wp-content\\\/uploads\\\/2021\\\/04\\\/2021-05-12-newsletter-sbgzinha-26-06-genetica-glaucoma-710x1024.png\"},{\"@type\":\"BreadcrumbList\",\"@id\":\"https:\\\/\\\/www.sbglaucoma.org.br\\\/medico\\\/eventos\\\/evento-de-genetica-da-sbgzinha\\\/#breadcrumb\",\"itemListElement\":[{\"@type\":\"ListItem\",\"position\":1,\"name\":\"In\u00edcio\",\"item\":\"https:\\\/\\\/www.sbglaucoma.org.br\\\/medico\\\/\"},{\"@type\":\"ListItem\",\"position\":2,\"name\":\"Evento de gen\u00e9tica da SBGzinha\"}]},{\"@type\":\"WebSite\",\"@id\":\"https:\\\/\\\/www.sbglaucoma.org.br\\\/medico\\\/#website\",\"url\":\"https:\\\/\\\/www.sbglaucoma.org.br\\\/medico\\\/\",\"name\":\"SBG - Sociedade Brasileira de Glaucoma\",\"description\":\"\",\"potentialAction\":[{\"@type\":\"SearchAction\",\"target\":{\"@type\":\"EntryPoint\",\"urlTemplate\":\"https:\\\/\\\/www.sbglaucoma.org.br\\\/medico\\\/?s={search_term_string}\"},\"query-input\":{\"@type\":\"PropertyValueSpecification\",\"valueRequired\":true,\"valueName\":\"search_term_string\"}}],\"inLanguage\":\"pt-BR\"}]}<\/script>\n<!-- \/ Yoast SEO plugin. -->","yoast_head_json":{"title":"Evento de gen\u00e9tica da SBGzinha - SBG - Sociedade Brasileira de Glaucoma","robots":{"index":"index","follow":"follow","max-snippet":"max-snippet:-1","max-image-preview":"max-image-preview:large","max-video-preview":"max-video-preview:-1"},"canonical":"https:\/\/www.sbglaucoma.org.br\/medico\/eventos\/evento-de-genetica-da-sbgzinha\/","og_locale":"pt_BR","og_type":"article","og_title":"Evento de gen\u00e9tica da SBGzinha - SBG - Sociedade Brasileira de Glaucoma","og_description":"T\u00edtulo: Investiga\u00e7\u00e3o Gen\u00e9tica em Doen\u00e7as com Glaucoma na Inf\u00e2ncia Vera L\u00facia Gil da Silva Lopes M\u00e9dica Geneticista, Professora Titular do Departamento de Medicina Translacional da FCM-Unicamp, Coordenadora do Projeto Cr\u00e2nio-Face Brasil, membro Titular da Academia Brasileira de Medicina de Reabilita\u00e7\u00e3o e atual Diretora Cient\u00edfica da Sociedade Brasileira de Gen\u00e9tica M\u00e9dica e Gen\u00f4mica. Milena Atique Tacla: [&hellip;]","og_url":"https:\/\/www.sbglaucoma.org.br\/medico\/eventos\/evento-de-genetica-da-sbgzinha\/","og_site_name":"SBG - Sociedade Brasileira de Glaucoma","article_modified_time":"2021-07-23T03:41:41+00:00","og_image":[{"url":"https:\/\/sbglaucoma2.websiteseguro.com\/medico\/wp-content\/uploads\/2021\/04\/2021-05-12-newsletter-sbgzinha-26-06-genetica-glaucoma-710x1024.png","type":"","width":"","height":""}],"twitter_card":"summary_large_image","twitter_misc":{"Est. tempo de leitura":"1 minuto"},"schema":{"@context":"https:\/\/schema.org","@graph":[{"@type":"WebPage","@id":"https:\/\/www.sbglaucoma.org.br\/medico\/eventos\/evento-de-genetica-da-sbgzinha\/","url":"https:\/\/www.sbglaucoma.org.br\/medico\/eventos\/evento-de-genetica-da-sbgzinha\/","name":"Evento de gen\u00e9tica da SBGzinha - SBG - Sociedade Brasileira de Glaucoma","isPartOf":{"@id":"https:\/\/www.sbglaucoma.org.br\/medico\/#website"},"primaryImageOfPage":{"@id":"https:\/\/www.sbglaucoma.org.br\/medico\/eventos\/evento-de-genetica-da-sbgzinha\/#primaryimage"},"image":{"@id":"https:\/\/www.sbglaucoma.org.br\/medico\/eventos\/evento-de-genetica-da-sbgzinha\/#primaryimage"},"thumbnailUrl":"https:\/\/sbglaucoma.org.br\/medico\/wp-content\/uploads\/2021\/04\/2021-05-12-newsletter-sbgzinha-26-06-genetica-glaucoma-710x1024.png","datePublished":"2021-04-19T19:55:16+00:00","dateModified":"2021-07-23T03:41:41+00:00","breadcrumb":{"@id":"https:\/\/www.sbglaucoma.org.br\/medico\/eventos\/evento-de-genetica-da-sbgzinha\/#breadcrumb"},"inLanguage":"pt-BR","potentialAction":[{"@type":"ReadAction","target":["https:\/\/www.sbglaucoma.org.br\/medico\/eventos\/evento-de-genetica-da-sbgzinha\/"]}]},{"@type":"ImageObject","inLanguage":"pt-BR","@id":"https:\/\/www.sbglaucoma.org.br\/medico\/eventos\/evento-de-genetica-da-sbgzinha\/#primaryimage","url":"https:\/\/sbglaucoma.org.br\/medico\/wp-content\/uploads\/2021\/04\/2021-05-12-newsletter-sbgzinha-26-06-genetica-glaucoma-710x1024.png","contentUrl":"https:\/\/sbglaucoma.org.br\/medico\/wp-content\/uploads\/2021\/04\/2021-05-12-newsletter-sbgzinha-26-06-genetica-glaucoma-710x1024.png"},{"@type":"BreadcrumbList","@id":"https:\/\/www.sbglaucoma.org.br\/medico\/eventos\/evento-de-genetica-da-sbgzinha\/#breadcrumb","itemListElement":[{"@type":"ListItem","position":1,"name":"In\u00edcio","item":"https:\/\/www.sbglaucoma.org.br\/medico\/"},{"@type":"ListItem","position":2,"name":"Evento de gen\u00e9tica da SBGzinha"}]},{"@type":"WebSite","@id":"https:\/\/www.sbglaucoma.org.br\/medico\/#website","url":"https:\/\/www.sbglaucoma.org.br\/medico\/","name":"SBG - Sociedade Brasileira de Glaucoma","description":"","potentialAction":[{"@type":"SearchAction","target":{"@type":"EntryPoint","urlTemplate":"https:\/\/www.sbglaucoma.org.br\/medico\/?s={search_term_string}"},"query-input":{"@type":"PropertyValueSpecification","valueRequired":true,"valueName":"search_term_string"}}],"inLanguage":"pt-BR"}]}},"_links":{"self":[{"href":"https:\/\/www.sbglaucoma.org.br\/medico\/wp-json\/wp\/v2\/acf-eventos\/8244","targetHints":{"allow":["GET"]}}],"collection":[{"href":"https:\/\/www.sbglaucoma.org.br\/medico\/wp-json\/wp\/v2\/acf-eventos"}],"about":[{"href":"https:\/\/www.sbglaucoma.org.br\/medico\/wp-json\/wp\/v2\/types\/acf-eventos"}],"wp:attachment":[{"href":"https:\/\/www.sbglaucoma.org.br\/medico\/wp-json\/wp\/v2\/media?parent=8244"}],"curies":[{"name":"wp","href":"https:\/\/api.w.org\/{rel}","templated":true}]}}

Evento de genética da SBGzinha

<p><strong>Título: Investigação Genética em Doenças com Glaucoma na Infância</strong></p>
<ul>
<li><strong>Vera Lúcia Gil da Silva Lopes<br />
</strong>Médica Geneticista, Professora Titular do Departamento de Medicina Translacional da FCM-Unicamp, Coordenadora do Projeto Crânio-Face Brasil, membro Titular da Academia Brasileira de Medicina de Reabilitação e atual Diretora Científica da Sociedade Brasileira de Genética Médica e Genômica.</li>
<li><strong>Milena Atique Tacla:<br />
</strong>Médica Oftalmologista, Mestre em Oftalmologia, Doutoranda em Genética Médica.</li>
</ul>
<p><strong>Link Zoom: </strong><a href="https://zoom.us/webinar/register/WN_NzQzAomlTyW9NVHjXqRQSg?_x_zm_rtaid=BLS2TuBdRbS3fkClw4jxCg.1622049786337.5e7480eefadfb3f2405b211eb7048400&amp;_x_zm_rhtaid=655">https://zoom.us/webinar/register/WN_NzQzAomlTyW9NVHjXqRQSg?_x_zm_rtaid=BLS2TuBdRbS3fkClw4jxCg.1622049786337.5e7480eefadfb3f2405b211eb7048400&amp;_x_zm_rhtaid=655</a></p>
<hr />
<p><a href="https://zoom.us/webinar/register/WN_NzQzAomlTyW9NVHjXqRQSg?_x_zm_rtaid=BLS2TuBdRbS3fkClw4jxCg.1622049786337.5e7480eefadfb3f2405b211eb7048400&amp;_x_zm_rhtaid=655" target="_blank"><img loading="lazy" decoding="async" class="aligncenter wp-image-8326 size-large" src="https://sbglaucoma.org.br/medico/wp-content/uploads/2021/04/2021-05-12-newsletter-sbgzinha-26-06-genetica-glaucoma-710x1024.png" alt="2021-05-12-newsletter-sbgzinha-26-06-genetica-glaucoma" width="710" height="1024" srcset="https://www.sbglaucoma.org.br/medico/wp-content/uploads/2021/04/2021-05-12-newsletter-sbgzinha-26-06-genetica-glaucoma-710x1024.png 710w, https://www.sbglaucoma.org.br/medico/wp-content/uploads/2021/04/2021-05-12-newsletter-sbgzinha-26-06-genetica-glaucoma-208x300.png 208w, https://www.sbglaucoma.org.br/medico/wp-content/uploads/2021/04/2021-05-12-newsletter-sbgzinha-26-06-genetica-glaucoma-768x1107.png 768w, https://www.sbglaucoma.org.br/medico/wp-content/uploads/2021/04/2021-05-12-newsletter-sbgzinha-26-06-genetica-glaucoma.png 1080w" sizes="auto, (max-width: 710px) 100vw, 710px" /></a></p>

<!-- This site is optimized with the Yoast SEO plugin v27.5 - https://yoast.com/product/yoast-seo-wordpress/ -->
<title>Evento de genética da SBGzinha - SBG - Sociedade Brasileira de Glaucoma</title>
<meta name="robots" content="index, follow, max-snippet:-1, max-image-preview:large, max-video-preview:-1" />
<link rel="canonical" href="https://www.sbglaucoma.org.br/medico/eventos/evento-de-genetica-da-sbgzinha/" />
<meta property="og:locale" content="pt_BR" />
<meta property="og:type" content="article" />
<meta property="og:title" content="Evento de genética da SBGzinha - SBG - Sociedade Brasileira de Glaucoma" />
<meta property="og:description" content="Título: Investigação Genética em Doenças com Glaucoma na Infância Vera Lúcia Gil da Silva Lopes Médica Geneticista, Professora Titular do Departamento de Medicina Translacional da FCM-Unicamp, Coordenadora do Projeto Crânio-Face Brasil, membro Titular da Academia Brasileira de Medicina de Reabilitação e atual Diretora Científica da Sociedade Brasileira de Genética Médica e Genômica. Milena Atique Tacla: [&hellip;]" />
<meta property="og:url" content="https://www.sbglaucoma.org.br/medico/eventos/evento-de-genetica-da-sbgzinha/" />
<meta property="og:site_name" content="SBG - Sociedade Brasileira de Glaucoma" />
<meta property="article:modified_time" content="2021-07-23T03:41:41+00:00" />
<meta property="og:image" content="https://sbglaucoma2.websiteseguro.com/medico/wp-content/uploads/2021/04/2021-05-12-newsletter-sbgzinha-26-06-genetica-glaucoma-710x1024.png" />
<meta name="twitter:card" content="summary_large_image" />
<meta name="twitter:label1" content="Est. tempo de leitura" />
	<meta name="twitter:data1" content="1 minuto" />
<script type="application/ld+json" class="yoast-schema-graph">{"@context":"https:\/\/schema.org","@graph":[{"@type":"WebPage","@id":"https:\/\/www.sbglaucoma.org.br\/medico\/eventos\/evento-de-genetica-da-sbgzinha\/","url":"https:\/\/www.sbglaucoma.org.br\/medico\/eventos\/evento-de-genetica-da-sbgzinha\/","name":"Evento de genética da SBGzinha - SBG - Sociedade Brasileira de Glaucoma","isPartOf":{"@id":"https:\/\/www.sbglaucoma.org.br\/medico\/#website"},"primaryImageOfPage":{"@id":"https:\/\/www.sbglaucoma.org.br\/medico\/eventos\/evento-de-genetica-da-sbgzinha\/#primaryimage"},"image":{"@id":"https:\/\/www.sbglaucoma.org.br\/medico\/eventos\/evento-de-genetica-da-sbgzinha\/#primaryimage"},"thumbnailUrl":"https:\/\/sbglaucoma.org.br\/medico\/wp-content\/uploads\/2021\/04\/2021-05-12-newsletter-sbgzinha-26-06-genetica-glaucoma-710x1024.png","datePublished":"2021-04-19T19:55:16+00:00","dateModified":"2021-07-23T03:41:41+00:00","breadcrumb":{"@id":"https:\/\/www.sbglaucoma.org.br\/medico\/eventos\/evento-de-genetica-da-sbgzinha\/#breadcrumb"},"inLanguage":"pt-BR","potentialAction":[{"@type":"ReadAction","target":["https:\/\/www.sbglaucoma.org.br\/medico\/eventos\/evento-de-genetica-da-sbgzinha\/"]}]},{"@type":"ImageObject","inLanguage":"pt-BR","@id":"https:\/\/www.sbglaucoma.org.br\/medico\/eventos\/evento-de-genetica-da-sbgzinha\/#primaryimage","url":"https:\/\/sbglaucoma.org.br\/medico\/wp-content\/uploads\/2021\/04\/2021-05-12-newsletter-sbgzinha-26-06-genetica-glaucoma-710x1024.png","contentUrl":"https:\/\/sbglaucoma.org.br\/medico\/wp-content\/uploads\/2021\/04\/2021-05-12-newsletter-sbgzinha-26-06-genetica-glaucoma-710x1024.png"},{"@type":"BreadcrumbList","@id":"https:\/\/www.sbglaucoma.org.br\/medico\/eventos\/evento-de-genetica-da-sbgzinha\/#breadcrumb","itemListElement":[{"@type":"ListItem","position":1,"name":"Início","item":"https:\/\/www.sbglaucoma.org.br\/medico\/"},{"@type":"ListItem","position":2,"name":"Evento de genética da SBGzinha"}]},{"@type":"WebSite","@id":"https:\/\/www.sbglaucoma.org.br\/medico\/#website","url":"https:\/\/www.sbglaucoma.org.br\/medico\/","name":"SBG - Sociedade Brasileira de Glaucoma","description":"","potentialAction":[{"@type":"SearchAction","target":{"@type":"EntryPoint","urlTemplate":"https:\/\/www.sbglaucoma.org.br\/medico\/?s={search_term_string}"},"query-input":{"@type":"PropertyValueSpecification","valueRequired":true,"valueName":"search_term_string"}}],"inLanguage":"pt-BR"}]}</script>
<!-- / Yoast SEO plugin. -->

Evento de genética da SBGzinha - SBG - Sociedade Brasileira de Glaucoma

Título: Investigação Genética em Doenças com Glaucoma na Infância Vera Lúcia Gil da Silva Lopes Médica Geneticista, Professora Titular do Departamento de Medicina Translacional da FCM-Unicamp, Coordenadora do Projeto Crânio-Face Brasil, membro Titular da Academia Brasileira de Medicina de Reabilitação e atual Diretora Científica da Sociedade Brasileira de Genética Médica e Genômica. Milena Atique Tacla: [&hellip;]

Início
