{"id":8241,"date":"2021-04-19T16:43:23","date_gmt":"2021-04-19T19:43:23","guid":{"rendered":"https:\/\/sbglaucoma2.websiteseguro.com\/medico\/?p=8241"},"modified":"2021-07-23T00:37:25","modified_gmt":"2021-07-23T03:37:25","slug":"1o-grand-round-clinico","status":"publish","type":"acf-eventos","link":"https:\/\/www.sbglaucoma.org.br\/medico\/eventos\/1o-grand-round-clinico\/","title":{"rendered":"1\u00ba Grand Round (cl\u00ednico)"},"content":{"rendered":"<p><strong>Grand Round no dia 09\/06 as 19:30hs. &#8211;<\/strong><\/p>\n<p>Link Zoom:\u00a0<a href=\"https:\/\/zoom.us\/webinar\/register\/WN_rUar_6oQQQa4YSHHSPEb5w?_x_zm_rtaid=i4OtBlUKS7SWu9iqlbVqcA.1622636811291.7545d12a40beb9b2d6ada195df424b58&amp;_x_zm_rhtaid=571\">https:\/\/zoom.us\/webinar\/register\/WN_rUar_6oQQQa4YSHHSPEb5w?_x_zm_rtaid=i4OtBlUKS7SWu9iqlbVqcA.1622636811291.7545d12a40beb9b2d6ada195df424b58&amp;_x_zm_rhtaid=571<\/a><\/p>\n<p>Apresenta\u00e7\u00e3o de casos cl\u00ednicos:<\/p>\n<ol>\n<li><strong>Glaucoma de press\u00e3o normal<\/strong><br \/>\nDr. Jos\u00e9 Paulo Cabral de Vasconcellos<\/li>\n<\/ol>\n<ol start=\"2\">\n<li><strong>Suspeito de glaucoma<br \/>\n<\/strong>Dr.\u00a0 Marcelo Jord\u00e3o<\/li>\n<\/ol>\n<ol start=\"3\">\n<li><strong>Correla\u00e7\u00e3o estrutura fun\u00e7\u00e3o<br \/>\n<\/strong>Dra. Helo\u00edsa Maestrini<\/li>\n<\/ol>\n<hr \/>\n<p><strong>Discutidores: <\/strong><\/p>\n<ul>\n<li>Dra Carolina Gracitelli<\/li>\n<li>Dr Augusto Paranhos Jr.<\/li>\n<li>Dr Jayter de Paula<\/li>\n<\/ul>\n<hr \/>\n<p><a href=\"https:\/\/zoom.us\/webinar\/register\/WN_rUar_6oQQQa4YSHHSPEb5w?_x_zm_rtaid=i4OtBlUKS7SWu9iqlbVqcA.1622636811291.7545d12a40beb9b2d6ada195df424b58&amp;_x_zm_rhtaid=571\" target=\"_blank\"><img loading=\"lazy\" decoding=\"async\" class=\"aligncenter wp-image-8323 size-full\" src=\"https:\/\/sbglaucoma.org.br\/medico\/wp-content\/uploads\/2021\/04\/2020-05-25-sbg-newsletter-grand-round-programacao.png\" alt=\"2020-05-25-sbg-newsletter-grand-round-programacao\" width=\"650\" height=\"1485\" srcset=\"https:\/\/www.sbglaucoma.org.br\/medico\/wp-content\/uploads\/2021\/04\/2020-05-25-sbg-newsletter-grand-round-programacao.png 650w, https:\/\/www.sbglaucoma.org.br\/medico\/wp-content\/uploads\/2021\/04\/2020-05-25-sbg-newsletter-grand-round-programacao-131x300.png 131w, https:\/\/www.sbglaucoma.org.br\/medico\/wp-content\/uploads\/2021\/04\/2020-05-25-sbg-newsletter-grand-round-programacao-448x1024.png 448w\" sizes=\"auto, (max-width: 650px) 100vw, 650px\" \/><\/a><\/p>\n","protected":false},"featured_media":0,"template":"","class_list":["post-8241","acf-eventos","type-acf-eventos","status-publish","hentry"],"acf":[],"yoast_head":"<!-- This site is optimized with the Yoast SEO plugin v27.5 - https:\/\/yoast.com\/product\/yoast-seo-wordpress\/ -->\n<title>1\u00ba Grand Round (cl\u00ednico) - SBG - Sociedade Brasileira de Glaucoma<\/title>\n<meta name=\"robots\" content=\"index, follow, max-snippet:-1, max-image-preview:large, max-video-preview:-1\" \/>\n<link rel=\"canonical\" href=\"https:\/\/www.sbglaucoma.org.br\/medico\/eventos\/1o-grand-round-clinico\/\" \/>\n<meta property=\"og:locale\" content=\"pt_BR\" \/>\n<meta property=\"og:type\" content=\"article\" \/>\n<meta property=\"og:title\" content=\"1\u00ba Grand Round (cl\u00ednico) - SBG - Sociedade Brasileira de Glaucoma\" \/>\n<meta property=\"og:description\" content=\"Grand Round no dia 09\/06 as 19:30hs. &#8211; Link Zoom:\u00a0https:\/\/zoom.us\/webinar\/register\/WN_rUar_6oQQQa4YSHHSPEb5w?_x_zm_rtaid=i4OtBlUKS7SWu9iqlbVqcA.1622636811291.7545d12a40beb9b2d6ada195df424b58&amp;_x_zm_rhtaid=571 Apresenta\u00e7\u00e3o de casos cl\u00ednicos: Glaucoma de press\u00e3o normal Dr. Jos\u00e9 Paulo Cabral de Vasconcellos Suspeito de glaucoma Dr.\u00a0 Marcelo Jord\u00e3o Correla\u00e7\u00e3o estrutura fun\u00e7\u00e3o Dra. Helo\u00edsa Maestrini Discutidores: Dra Carolina Gracitelli Dr Augusto Paranhos Jr. Dr Jayter de Paula\" \/>\n<meta property=\"og:url\" content=\"https:\/\/www.sbglaucoma.org.br\/medico\/eventos\/1o-grand-round-clinico\/\" \/>\n<meta property=\"og:site_name\" content=\"SBG - Sociedade Brasileira de Glaucoma\" \/>\n<meta property=\"article:modified_time\" content=\"2021-07-23T03:37:25+00:00\" \/>\n<meta property=\"og:image\" content=\"https:\/\/sbglaucoma2.websiteseguro.com\/medico\/wp-content\/uploads\/2021\/04\/2020-05-25-sbg-newsletter-grand-round-programacao.png\" \/>\n<meta name=\"twitter:card\" content=\"summary_large_image\" \/>\n<script type=\"application\/ld+json\" class=\"yoast-schema-graph\">{\"@context\":\"https:\\\/\\\/schema.org\",\"@graph\":[{\"@type\":\"WebPage\",\"@id\":\"https:\\\/\\\/www.sbglaucoma.org.br\\\/medico\\\/eventos\\\/1o-grand-round-clinico\\\/\",\"url\":\"https:\\\/\\\/www.sbglaucoma.org.br\\\/medico\\\/eventos\\\/1o-grand-round-clinico\\\/\",\"name\":\"1\u00ba Grand Round (cl\u00ednico) - SBG - Sociedade Brasileira de Glaucoma\",\"isPartOf\":{\"@id\":\"https:\\\/\\\/www.sbglaucoma.org.br\\\/medico\\\/#website\"},\"primaryImageOfPage\":{\"@id\":\"https:\\\/\\\/www.sbglaucoma.org.br\\\/medico\\\/eventos\\\/1o-grand-round-clinico\\\/#primaryimage\"},\"image\":{\"@id\":\"https:\\\/\\\/www.sbglaucoma.org.br\\\/medico\\\/eventos\\\/1o-grand-round-clinico\\\/#primaryimage\"},\"thumbnailUrl\":\"https:\\\/\\\/sbglaucoma.org.br\\\/medico\\\/wp-content\\\/uploads\\\/2021\\\/04\\\/2020-05-25-sbg-newsletter-grand-round-programacao.png\",\"datePublished\":\"2021-04-19T19:43:23+00:00\",\"dateModified\":\"2021-07-23T03:37:25+00:00\",\"breadcrumb\":{\"@id\":\"https:\\\/\\\/www.sbglaucoma.org.br\\\/medico\\\/eventos\\\/1o-grand-round-clinico\\\/#breadcrumb\"},\"inLanguage\":\"pt-BR\",\"potentialAction\":[{\"@type\":\"ReadAction\",\"target\":[\"https:\\\/\\\/www.sbglaucoma.org.br\\\/medico\\\/eventos\\\/1o-grand-round-clinico\\\/\"]}]},{\"@type\":\"ImageObject\",\"inLanguage\":\"pt-BR\",\"@id\":\"https:\\\/\\\/www.sbglaucoma.org.br\\\/medico\\\/eventos\\\/1o-grand-round-clinico\\\/#primaryimage\",\"url\":\"https:\\\/\\\/sbglaucoma.org.br\\\/medico\\\/wp-content\\\/uploads\\\/2021\\\/04\\\/2020-05-25-sbg-newsletter-grand-round-programacao.png\",\"contentUrl\":\"https:\\\/\\\/sbglaucoma.org.br\\\/medico\\\/wp-content\\\/uploads\\\/2021\\\/04\\\/2020-05-25-sbg-newsletter-grand-round-programacao.png\"},{\"@type\":\"BreadcrumbList\",\"@id\":\"https:\\\/\\\/www.sbglaucoma.org.br\\\/medico\\\/eventos\\\/1o-grand-round-clinico\\\/#breadcrumb\",\"itemListElement\":[{\"@type\":\"ListItem\",\"position\":1,\"name\":\"In\u00edcio\",\"item\":\"https:\\\/\\\/www.sbglaucoma.org.br\\\/medico\\\/\"},{\"@type\":\"ListItem\",\"position\":2,\"name\":\"1\u00ba Grand Round (cl\u00ednico)\"}]},{\"@type\":\"WebSite\",\"@id\":\"https:\\\/\\\/www.sbglaucoma.org.br\\\/medico\\\/#website\",\"url\":\"https:\\\/\\\/www.sbglaucoma.org.br\\\/medico\\\/\",\"name\":\"SBG - Sociedade Brasileira de Glaucoma\",\"description\":\"\",\"potentialAction\":[{\"@type\":\"SearchAction\",\"target\":{\"@type\":\"EntryPoint\",\"urlTemplate\":\"https:\\\/\\\/www.sbglaucoma.org.br\\\/medico\\\/?s={search_term_string}\"},\"query-input\":{\"@type\":\"PropertyValueSpecification\",\"valueRequired\":true,\"valueName\":\"search_term_string\"}}],\"inLanguage\":\"pt-BR\"}]}<\/script>\n<!-- \/ Yoast SEO plugin. -->","yoast_head_json":{"title":"1\u00ba Grand Round (cl\u00ednico) - SBG - Sociedade Brasileira de Glaucoma","robots":{"index":"index","follow":"follow","max-snippet":"max-snippet:-1","max-image-preview":"max-image-preview:large","max-video-preview":"max-video-preview:-1"},"canonical":"https:\/\/www.sbglaucoma.org.br\/medico\/eventos\/1o-grand-round-clinico\/","og_locale":"pt_BR","og_type":"article","og_title":"1\u00ba Grand Round (cl\u00ednico) - SBG - Sociedade Brasileira de Glaucoma","og_description":"Grand Round no dia 09\/06 as 19:30hs. &#8211; Link Zoom:\u00a0https:\/\/zoom.us\/webinar\/register\/WN_rUar_6oQQQa4YSHHSPEb5w?_x_zm_rtaid=i4OtBlUKS7SWu9iqlbVqcA.1622636811291.7545d12a40beb9b2d6ada195df424b58&amp;_x_zm_rhtaid=571 Apresenta\u00e7\u00e3o de casos cl\u00ednicos: Glaucoma de press\u00e3o normal Dr. Jos\u00e9 Paulo Cabral de Vasconcellos Suspeito de glaucoma Dr.\u00a0 Marcelo Jord\u00e3o Correla\u00e7\u00e3o estrutura fun\u00e7\u00e3o Dra. Helo\u00edsa Maestrini Discutidores: Dra Carolina Gracitelli Dr Augusto Paranhos Jr. Dr Jayter de Paula","og_url":"https:\/\/www.sbglaucoma.org.br\/medico\/eventos\/1o-grand-round-clinico\/","og_site_name":"SBG - Sociedade Brasileira de Glaucoma","article_modified_time":"2021-07-23T03:37:25+00:00","og_image":[{"url":"https:\/\/sbglaucoma2.websiteseguro.com\/medico\/wp-content\/uploads\/2021\/04\/2020-05-25-sbg-newsletter-grand-round-programacao.png","type":"","width":"","height":""}],"twitter_card":"summary_large_image","schema":{"@context":"https:\/\/schema.org","@graph":[{"@type":"WebPage","@id":"https:\/\/www.sbglaucoma.org.br\/medico\/eventos\/1o-grand-round-clinico\/","url":"https:\/\/www.sbglaucoma.org.br\/medico\/eventos\/1o-grand-round-clinico\/","name":"1\u00ba Grand Round (cl\u00ednico) - SBG - Sociedade Brasileira de Glaucoma","isPartOf":{"@id":"https:\/\/www.sbglaucoma.org.br\/medico\/#website"},"primaryImageOfPage":{"@id":"https:\/\/www.sbglaucoma.org.br\/medico\/eventos\/1o-grand-round-clinico\/#primaryimage"},"image":{"@id":"https:\/\/www.sbglaucoma.org.br\/medico\/eventos\/1o-grand-round-clinico\/#primaryimage"},"thumbnailUrl":"https:\/\/sbglaucoma.org.br\/medico\/wp-content\/uploads\/2021\/04\/2020-05-25-sbg-newsletter-grand-round-programacao.png","datePublished":"2021-04-19T19:43:23+00:00","dateModified":"2021-07-23T03:37:25+00:00","breadcrumb":{"@id":"https:\/\/www.sbglaucoma.org.br\/medico\/eventos\/1o-grand-round-clinico\/#breadcrumb"},"inLanguage":"pt-BR","potentialAction":[{"@type":"ReadAction","target":["https:\/\/www.sbglaucoma.org.br\/medico\/eventos\/1o-grand-round-clinico\/"]}]},{"@type":"ImageObject","inLanguage":"pt-BR","@id":"https:\/\/www.sbglaucoma.org.br\/medico\/eventos\/1o-grand-round-clinico\/#primaryimage","url":"https:\/\/sbglaucoma.org.br\/medico\/wp-content\/uploads\/2021\/04\/2020-05-25-sbg-newsletter-grand-round-programacao.png","contentUrl":"https:\/\/sbglaucoma.org.br\/medico\/wp-content\/uploads\/2021\/04\/2020-05-25-sbg-newsletter-grand-round-programacao.png"},{"@type":"BreadcrumbList","@id":"https:\/\/www.sbglaucoma.org.br\/medico\/eventos\/1o-grand-round-clinico\/#breadcrumb","itemListElement":[{"@type":"ListItem","position":1,"name":"In\u00edcio","item":"https:\/\/www.sbglaucoma.org.br\/medico\/"},{"@type":"ListItem","position":2,"name":"1\u00ba Grand Round (cl\u00ednico)"}]},{"@type":"WebSite","@id":"https:\/\/www.sbglaucoma.org.br\/medico\/#website","url":"https:\/\/www.sbglaucoma.org.br\/medico\/","name":"SBG - Sociedade Brasileira de Glaucoma","description":"","potentialAction":[{"@type":"SearchAction","target":{"@type":"EntryPoint","urlTemplate":"https:\/\/www.sbglaucoma.org.br\/medico\/?s={search_term_string}"},"query-input":{"@type":"PropertyValueSpecification","valueRequired":true,"valueName":"search_term_string"}}],"inLanguage":"pt-BR"}]}},"_links":{"self":[{"href":"https:\/\/www.sbglaucoma.org.br\/medico\/wp-json\/wp\/v2\/acf-eventos\/8241","targetHints":{"allow":["GET"]}}],"collection":[{"href":"https:\/\/www.sbglaucoma.org.br\/medico\/wp-json\/wp\/v2\/acf-eventos"}],"about":[{"href":"https:\/\/www.sbglaucoma.org.br\/medico\/wp-json\/wp\/v2\/types\/acf-eventos"}],"wp:attachment":[{"href":"https:\/\/www.sbglaucoma.org.br\/medico\/wp-json\/wp\/v2\/media?parent=8241"}],"curies":[{"name":"wp","href":"https:\/\/api.w.org\/{rel}","templated":true}]}}

1º Grand Round (clínico)

<p><strong>Grand Round no dia 09/06 as 19:30hs. &#8211;</strong></p>
<p>Link Zoom: <a href="https://zoom.us/webinar/register/WN_rUar_6oQQQa4YSHHSPEb5w?_x_zm_rtaid=i4OtBlUKS7SWu9iqlbVqcA.1622636811291.7545d12a40beb9b2d6ada195df424b58&amp;_x_zm_rhtaid=571">https://zoom.us/webinar/register/WN_rUar_6oQQQa4YSHHSPEb5w?_x_zm_rtaid=i4OtBlUKS7SWu9iqlbVqcA.1622636811291.7545d12a40beb9b2d6ada195df424b58&amp;_x_zm_rhtaid=571</a></p>
<p>Apresentação de casos clínicos:</p>
<ol>
<li><strong>Glaucoma de pressão normal</strong><br />
Dr. José Paulo Cabral de Vasconcellos</li>
</ol>
<ol start="2">
<li><strong>Suspeito de glaucoma<br />
</strong>Dr.  Marcelo Jordão</li>
</ol>
<ol start="3">
<li><strong>Correlação estrutura função<br />
</strong>Dra. Heloísa Maestrini</li>
</ol>
<hr />
<p><strong>Discutidores: </strong></p>
<ul>
<li>Dra Carolina Gracitelli</li>
<li>Dr Augusto Paranhos Jr.</li>
<li>Dr Jayter de Paula</li>
</ul>
<hr />
<p><a href="https://zoom.us/webinar/register/WN_rUar_6oQQQa4YSHHSPEb5w?_x_zm_rtaid=i4OtBlUKS7SWu9iqlbVqcA.1622636811291.7545d12a40beb9b2d6ada195df424b58&amp;_x_zm_rhtaid=571" target="_blank"><img loading="lazy" decoding="async" class="aligncenter wp-image-8323 size-full" src="https://sbglaucoma.org.br/medico/wp-content/uploads/2021/04/2020-05-25-sbg-newsletter-grand-round-programacao.png" alt="2020-05-25-sbg-newsletter-grand-round-programacao" width="650" height="1485" srcset="https://www.sbglaucoma.org.br/medico/wp-content/uploads/2021/04/2020-05-25-sbg-newsletter-grand-round-programacao.png 650w, https://www.sbglaucoma.org.br/medico/wp-content/uploads/2021/04/2020-05-25-sbg-newsletter-grand-round-programacao-131x300.png 131w, https://www.sbglaucoma.org.br/medico/wp-content/uploads/2021/04/2020-05-25-sbg-newsletter-grand-round-programacao-448x1024.png 448w" sizes="auto, (max-width: 650px) 100vw, 650px" /></a></p>

<!-- This site is optimized with the Yoast SEO plugin v27.5 - https://yoast.com/product/yoast-seo-wordpress/ -->
<title>1º Grand Round (clínico) - SBG - Sociedade Brasileira de Glaucoma</title>
<meta name="robots" content="index, follow, max-snippet:-1, max-image-preview:large, max-video-preview:-1" />
<link rel="canonical" href="https://www.sbglaucoma.org.br/medico/eventos/1o-grand-round-clinico/" />
<meta property="og:locale" content="pt_BR" />
<meta property="og:type" content="article" />
<meta property="og:title" content="1º Grand Round (clínico) - SBG - Sociedade Brasileira de Glaucoma" />
<meta property="og:description" content="Grand Round no dia 09/06 as 19:30hs. &#8211; Link Zoom: https://zoom.us/webinar/register/WN_rUar_6oQQQa4YSHHSPEb5w?_x_zm_rtaid=i4OtBlUKS7SWu9iqlbVqcA.1622636811291.7545d12a40beb9b2d6ada195df424b58&amp;_x_zm_rhtaid=571 Apresentação de casos clínicos: Glaucoma de pressão normal Dr. José Paulo Cabral de Vasconcellos Suspeito de glaucoma Dr.  Marcelo Jordão Correlação estrutura função Dra. Heloísa Maestrini Discutidores: Dra Carolina Gracitelli Dr Augusto Paranhos Jr. Dr Jayter de Paula" />
<meta property="og:url" content="https://www.sbglaucoma.org.br/medico/eventos/1o-grand-round-clinico/" />
<meta property="og:site_name" content="SBG - Sociedade Brasileira de Glaucoma" />
<meta property="article:modified_time" content="2021-07-23T03:37:25+00:00" />
<meta property="og:image" content="https://sbglaucoma2.websiteseguro.com/medico/wp-content/uploads/2021/04/2020-05-25-sbg-newsletter-grand-round-programacao.png" />
<meta name="twitter:card" content="summary_large_image" />
<script type="application/ld+json" class="yoast-schema-graph">{"@context":"https:\/\/schema.org","@graph":[{"@type":"WebPage","@id":"https:\/\/www.sbglaucoma.org.br\/medico\/eventos\/1o-grand-round-clinico\/","url":"https:\/\/www.sbglaucoma.org.br\/medico\/eventos\/1o-grand-round-clinico\/","name":"1º Grand Round (clínico) - SBG - Sociedade Brasileira de Glaucoma","isPartOf":{"@id":"https:\/\/www.sbglaucoma.org.br\/medico\/#website"},"primaryImageOfPage":{"@id":"https:\/\/www.sbglaucoma.org.br\/medico\/eventos\/1o-grand-round-clinico\/#primaryimage"},"image":{"@id":"https:\/\/www.sbglaucoma.org.br\/medico\/eventos\/1o-grand-round-clinico\/#primaryimage"},"thumbnailUrl":"https:\/\/sbglaucoma.org.br\/medico\/wp-content\/uploads\/2021\/04\/2020-05-25-sbg-newsletter-grand-round-programacao.png","datePublished":"2021-04-19T19:43:23+00:00","dateModified":"2021-07-23T03:37:25+00:00","breadcrumb":{"@id":"https:\/\/www.sbglaucoma.org.br\/medico\/eventos\/1o-grand-round-clinico\/#breadcrumb"},"inLanguage":"pt-BR","potentialAction":[{"@type":"ReadAction","target":["https:\/\/www.sbglaucoma.org.br\/medico\/eventos\/1o-grand-round-clinico\/"]}]},{"@type":"ImageObject","inLanguage":"pt-BR","@id":"https:\/\/www.sbglaucoma.org.br\/medico\/eventos\/1o-grand-round-clinico\/#primaryimage","url":"https:\/\/sbglaucoma.org.br\/medico\/wp-content\/uploads\/2021\/04\/2020-05-25-sbg-newsletter-grand-round-programacao.png","contentUrl":"https:\/\/sbglaucoma.org.br\/medico\/wp-content\/uploads\/2021\/04\/2020-05-25-sbg-newsletter-grand-round-programacao.png"},{"@type":"BreadcrumbList","@id":"https:\/\/www.sbglaucoma.org.br\/medico\/eventos\/1o-grand-round-clinico\/#breadcrumb","itemListElement":[{"@type":"ListItem","position":1,"name":"Início","item":"https:\/\/www.sbglaucoma.org.br\/medico\/"},{"@type":"ListItem","position":2,"name":"1º Grand Round (clínico)"}]},{"@type":"WebSite","@id":"https:\/\/www.sbglaucoma.org.br\/medico\/#website","url":"https:\/\/www.sbglaucoma.org.br\/medico\/","name":"SBG - Sociedade Brasileira de Glaucoma","description":"","potentialAction":[{"@type":"SearchAction","target":{"@type":"EntryPoint","urlTemplate":"https:\/\/www.sbglaucoma.org.br\/medico\/?s={search_term_string}"},"query-input":{"@type":"PropertyValueSpecification","valueRequired":true,"valueName":"search_term_string"}}],"inLanguage":"pt-BR"}]}</script>
<!-- / Yoast SEO plugin. -->

1º Grand Round (clínico) - SBG - Sociedade Brasileira de Glaucoma

Grand Round no dia 09/06 as 19:30hs. &#8211; Link Zoom: https://zoom.us/webinar/register/WN_rUar_6oQQQa4YSHHSPEb5w?_x_zm_rtaid=i4OtBlUKS7SWu9iqlbVqcA.1622636811291.7545d12a40beb9b2d6ada195df424b58&amp;_x_zm_rhtaid=571 Apresentação de casos clínicos: Glaucoma de pressão normal Dr. José Paulo Cabral de Vasconcellos Suspeito de glaucoma Dr.  Marcelo Jordão Correlação estrutura função Dra. Heloísa Maestrini Discutidores: Dra Carolina Gracitelli Dr Augusto Paranhos Jr. Dr Jayter de Paula

Início
