{"version":"1.0","provider_name":"SBG - Sociedade Brasileira de Glaucoma","provider_url":"https:\/\/www.sbglaucoma.org.br\/medico","author_name":"Ricardo","author_url":"https:\/\/www.sbglaucoma.org.br\/medico\/author\/ricardo\/","title":"Evento de gen\u00e9tica da SBGzinha - SBG - Sociedade Brasileira de Glaucoma","type":"rich","width":600,"height":338,"html":"<blockquote class=\"wp-embedded-content\" data-secret=\"fP3LOJdH3Y\"><a href=\"https:\/\/www.sbglaucoma.org.br\/medico\/eventos\/evento-de-genetica-da-sbgzinha\/\">Evento de gen\u00e9tica da SBGzinha<\/a><\/blockquote><iframe sandbox=\"allow-scripts\" security=\"restricted\" src=\"https:\/\/www.sbglaucoma.org.br\/medico\/eventos\/evento-de-genetica-da-sbgzinha\/embed\/#?secret=fP3LOJdH3Y\" width=\"600\" height=\"338\" title=\"&#8220;Evento de gen\u00e9tica da SBGzinha&#8221; &#8212; SBG - Sociedade Brasileira de Glaucoma\" data-secret=\"fP3LOJdH3Y\" frameborder=\"0\" marginwidth=\"0\" marginheight=\"0\" scrolling=\"no\" class=\"wp-embedded-content\"><\/iframe><script type=\"text\/javascript\">\n\/* <![CDATA[ *\/\n\/*! This file is auto-generated *\/\n!function(d,l){\"use strict\";l.querySelector&&d.addEventListener&&\"undefined\"!=typeof URL&&(d.wp=d.wp||{},d.wp.receiveEmbedMessage||(d.wp.receiveEmbedMessage=function(e){var t=e.data;if((t||t.secret||t.message||t.value)&&!\/[^a-zA-Z0-9]\/.test(t.secret)){for(var s,r,n,a=l.querySelectorAll('iframe[data-secret=\"'+t.secret+'\"]'),o=l.querySelectorAll('blockquote[data-secret=\"'+t.secret+'\"]'),c=new RegExp(\"^https?:$\",\"i\"),i=0;i<o.length;i++)o[i].style.display=\"none\";for(i=0;i<a.length;i++)s=a[i],e.source===s.contentWindow&&(s.removeAttribute(\"style\"),\"height\"===t.message?(1e3<(r=parseInt(t.value,10))?r=1e3:~~r<200&&(r=200),s.height=r):\"link\"===t.message&&(r=new URL(s.getAttribute(\"src\")),n=new URL(t.value),c.test(n.protocol))&&n.host===r.host&&l.activeElement===s&&(d.top.location.href=t.value))}},d.addEventListener(\"message\",d.wp.receiveEmbedMessage,!1),l.addEventListener(\"DOMContentLoaded\",function(){for(var e,t,s=l.querySelectorAll(\"iframe.wp-embedded-content\"),r=0;r<s.length;r++)(t=(e=s[r]).getAttribute(\"data-secret\"))||(t=Math.random().toString(36).substring(2,12),e.src+=\"#?secret=\"+t,e.setAttribute(\"data-secret\",t)),e.contentWindow.postMessage({message:\"ready\",secret:t},\"*\")},!1)))}(window,document);\n\/\/# sourceURL=https:\/\/www.sbglaucoma.org.br\/medico\/wp-includes\/js\/wp-embed.min.js\n\/* ]]> *\/\n<\/script>\n","description":"T\u00edtulo: Investiga\u00e7\u00e3o Gen\u00e9tica em Doen\u00e7as com Glaucoma na Inf\u00e2ncia Vera L\u00facia Gil da Silva Lopes M\u00e9dica Geneticista, Professora Titular do Departamento de Medicina Translacional da FCM-Unicamp, Coordenadora do Projeto Cr\u00e2nio-Face Brasil, membro Titular da Academia Brasileira de Medicina de Reabilita\u00e7\u00e3o e atual Diretora Cient\u00edfica da Sociedade Brasileira de Gen\u00e9tica M\u00e9dica e Gen\u00f4mica. Milena Atique Tacla: [&hellip;]","thumbnail_url":"https:\/\/sbglaucoma2.websiteseguro.com\/medico\/wp-content\/uploads\/2021\/04\/2021-05-12-newsletter-sbgzinha-26-06-genetica-glaucoma-710x1024.png"}

Evento de genética da SBGzinha - SBG - Sociedade Brasileira de Glaucoma

<blockquote class="wp-embedded-content" data-secret="fP3LOJdH3Y"><a href="https://www.sbglaucoma.org.br/medico/eventos/evento-de-genetica-da-sbgzinha/">Evento de genética da SBGzinha</a></blockquote><iframe sandbox="allow-scripts" security="restricted" src="https://www.sbglaucoma.org.br/medico/eventos/evento-de-genetica-da-sbgzinha/embed/#?secret=fP3LOJdH3Y" width="600" height="338" title="&#8220;Evento de genética da SBGzinha&#8221; &#8212; SBG - Sociedade Brasileira de Glaucoma" data-secret="fP3LOJdH3Y" frameborder="0" marginwidth="0" marginheight="0" scrolling="no" class="wp-embedded-content"></iframe><script type="text/javascript">
/* <![CDATA[ */
/*! This file is auto-generated */
!function(d,l){"use strict";l.querySelector&&d.addEventListener&&"undefined"!=typeof URL&&(d.wp=d.wp||{},d.wp.receiveEmbedMessage||(d.wp.receiveEmbedMessage=function(e){var t=e.data;if((t||t.secret||t.message||t.value)&&!/[^a-zA-Z0-9]/.test(t.secret)){for(var s,r,n,a=l.querySelectorAll('iframe[data-secret="'+t.secret+'"]'),o=l.querySelectorAll('blockquote[data-secret="'+t.secret+'"]'),c=new RegExp("^https?:$","i"),i=0;i<o.length;i++)o[i].style.display="none";for(i=0;i<a.length;i++)s=a[i],e.source===s.contentWindow&&(s.removeAttribute("style"),"height"===t.message?(1e3<(r=parseInt(t.value,10))?r=1e3:~~r<200&&(r=200),s.height=r):"link"===t.message&&(r=new URL(s.getAttribute("src")),n=new URL(t.value),c.test(n.protocol))&&n.host===r.host&&l.activeElement===s&&(d.top.location.href=t.value))}},d.addEventListener("message",d.wp.receiveEmbedMessage,!1),l.addEventListener("DOMContentLoaded",function(){for(var e,t,s=l.querySelectorAll("iframe.wp-embedded-content"),r=0;r<s.length;r++)(t=(e=s[r]).getAttribute("data-secret"))||(t=Math.random().toString(36).substring(2,12),e.src+="#?secret="+t,e.setAttribute("data-secret",t)),e.contentWindow.postMessage({message:"ready",secret:t},"*")},!1)))}(window,document);
//# sourceURL=https://www.sbglaucoma.org.br/medico/wp-includes/js/wp-embed.min.js
/* ]]> */
</script>

Título: Investigação Genética em Doenças com Glaucoma na Infância Vera Lúcia Gil da Silva Lopes Médica Geneticista, Professora Titular do Departamento de Medicina Translacional da FCM-Unicamp, Coordenadora do Projeto Crânio-Face Brasil, membro Titular da Academia Brasileira de Medicina de Reabilitação e atual Diretora Científica da Sociedade Brasileira de Genética Médica e Genômica. Milena Atique Tacla: [&hellip;]
